{"id":15349,"date":"2022-07-15T08:56:44","date_gmt":"2022-07-15T08:56:44","guid":{"rendered":"https:\/\/sendo-klima.hu\/?page_id=15349"},"modified":"2024-06-19T15:37:04","modified_gmt":"2024-06-19T15:37:04","slug":"szolgaltatasaink","status":"publish","type":"page","link":"https:\/\/tauriltrade.hu\/sendo\/szolgaltatasaink\/","title":{"rendered":"Szolg\u00e1ltat\u00e1saink"},"content":{"rendered":"<p>[vc_row css_animation=&#8221;&#8221; row_type=&#8221;row&#8221; use_row_as_full_screen_section=&#8221;no&#8221; type=&#8221;full_width&#8221; angled_section=&#8221;no&#8221; text_align=&#8221;left&#8221; background_image_as_pattern=&#8221;without_pattern&#8221; css=&#8221;.vc_custom_1655558006675{background-color: #f4f4f4 !important;}&#8221; z_index=&#8221;&#8221;][vc_column][vc_column_text]<\/p>\n<div class=\"vc_empty_space\" style=\"height: 32px;\"><\/div>\n<p style=\"text-align: center;\"><a href=\"https:\/\/sendo-klima.hu\">KEZD\u0150LAP<\/a>\u00a0 <strong>\/<\/strong>\u00a0SZOLG\u00c1LTAT\u00c1SAINK<\/p>\n<div class=\"vc_empty_space\" style=\"height: 32px;\"><\/div>\n<p>[\/vc_column_text][\/vc_column][\/vc_row][vc_row css_animation=&#8221;&#8221; row_type=&#8221;row&#8221; use_row_as_full_screen_section=&#8221;no&#8221; type=&#8221;full_width&#8221; angled_section=&#8221;no&#8221; text_align=&#8221;left&#8221; background_image_as_pattern=&#8221;without_pattern&#8221; css=&#8221;.vc_custom_1655558006675{background-color: #f4f4f4 !important;}&#8221; z_index=&#8221;&#8221;][vc_column][vc_column_text]<\/p>\n<section class=\"elementor-section elementor-top-section elementor-element elementor-element-1546b99 elementor-section-boxed elementor-section-height-default elementor-section-height-default\" data-id=\"1546b99\" data-element_type=\"section\">\n<div class=\"elementor-container elementor-column-gap-default\">\n<div class=\"elementor-row\">\n<div class=\"elementor-column elementor-col-100 elementor-top-column elementor-element elementor-element-08e5169\" data-id=\"08e5169\" data-element_type=\"column\">\n<div class=\"elementor-column-wrap elementor-element-populated\">\n<div class=\"elementor-widget-wrap\">\n<div class=\"elementor-element elementor-element-f15f787 elementor-widget elementor-widget-text-editor\" data-id=\"f15f787\" data-element_type=\"widget\" data-widget_type=\"text-editor.default\">\n<div class=\"elementor-widget-container\">\n<div class=\"elementor-text-editor elementor-clearfix\">\n<h2>A telep\u00edtett kl\u00edm\u00e1k 80%-a n\u00e9h\u00e1ny al\u00e1bbi szempot szerint kombin\u00e1lhat\u00f3k, alkalmaz\u00e1si szok\u00e1s szerint<\/h2>\n<div><b>a. Teljes\u00edtm\u00e9ny szerinti besorol\u00e1s alapj\u00e1n (3 f\u0151 szempont):<\/b> H\u0171tend\u0151 helys\u00e9g alapter\u00fclete kicsi, k\u00f6zepes vagy nagy. (30 m2, 50 m2 80m2)<\/div>\n<div>\n<ul>\n<li>Leggyakrabban a 3 GREE Comfort-X 3,5 KW-os k\u00e9sz\u00fcl\u00e9ket javasoljuk, ak\u00e1r t\u00f6bbet is egy h\u00e1zon bel\u00fcl.<\/li>\n<\/ul>\n<\/div>\n<p><b>b. Alkalmaz\u00e1si c\u00e9l, \u00e9s funkci\u00f3 szerint<\/b> (a k\u00e9t funkci\u00f3 kb. 40.000 Ft \u00e1rk\u00fcl\u00f6nbs\u00e9get jelent)<\/p>\n<ul>\n<li><b>Jellemz\u0151en h\u0171t\u00e9sre haszn\u00e1ln\u00e1<\/b>, de m\u00e1sodlagos szempontk\u00e9nt esetleg a f\u0171t\u00e9sre is haszn\u00e1lhat\u00f3. Ekkor jellemz\u0151en van egy g\u00e1zf\u0171t\u00e9ses vagy napelemes rendszere, de el\u0151fordulhat, hogy nagyobb hidegben kieg\u00e9sz\u00edt\u0151 f\u0171t\u00e9sre is haszn\u00e1lni szeretn\u00e9 a h\u0171t\u0151 f\u0171t\u0151 kl\u00edm\u00e1t.<\/li>\n<li><b>H\u0171t\u00e9s mellet a h\u00e1z f\u0171t\u00e9s\u00e9re is haszn\u00e1li szeretn\u00e9.<\/b>\u00a0Ha nincs m\u00e1s f\u0171t\u00e9si lehet\u0151s\u00e9g p\u00e9ld\u00e1ul egy nyaral\u00f3ban, ott kiv\u00e1l\u00f3 lehet\u0151s\u00e9g ez az alternat\u00edva, pl\u00e1ne hogy t\u00e1volr\u00f3l is bekapcsolhatja a k\u00e9sz\u00fcl\u00e9ket ha van internetes hozz\u00e1f\u00e9r\u00e9se. (A dr\u00e1g\u00e1bb k\u00e9sz\u00fcl\u00e9kek jobban el tudj\u00e1k l\u00e1tni ezt a funkci\u00f3t, \u00e9s jobb hat\u00e1sfokkal haszn\u00e1lhat\u00f3k f\u0171t\u00e9s megval\u00f3s\u00edt\u00e1sra.)<\/li>\n<\/ul>\n<p><b>Az al\u00e1bb felsorolt k\u00e9sz\u00fcl\u00e9kek l\u00e9teznek t\u00f6bbf\u00e9le teljes\u00edtm\u00e9ny\u0171 kivitelben<\/b>, melyet az adott ig\u00e9ny szerint kell meghat\u00e1rozni, a fentebb eml\u00edtett szempontok alapj\u00e1n. Ebben jelent\u0151s tapasztalatunk van, ez\u00e9rt egy telefonh\u00edv\u00e1sban megosztott inform\u00e1ci\u00f3 alapj\u00e1n k\u00f6nnyed\u00e9n tudunk aj\u00e1nlatot adni egy kl\u00edma telep\u00edt\u00e9sre.\u00a0Kl\u00edma karbantart\u00e1s\u00a0hasonl\u00f3k\u00e9ppen zajlik k\u00e9sz\u00fcl\u00e9kt\u00edpust\u00f3l f\u00fcggetlen\u00fcl.<\/p>\n<\/div>\n<\/div>\n<\/div>\n<div class=\"elementor-element elementor-element-3a1a17e elementor-widget elementor-widget-text-editor\" data-id=\"3a1a17e\" data-element_type=\"widget\" data-widget_type=\"text-editor.default\">\n<div class=\"elementor-widget-container\">\n<div class=\"elementor-text-editor elementor-clearfix\">\n<h3><a href=\"https:\/\/kliima.hu\/klima-telepites\/\">Kl\u00edma telep\u00edt\u00e9s<\/a> \u00e1rak p\u00e9lda (<em>a+b+c=295.000 Ft ide\u00e1lis esetben)<\/em><\/h3>\n<p><strong><em>a<\/em>. Kl\u00edma \u00e1r:<\/strong>\u00a0\u00c1tlagos csal\u00e1di, vagy panel h\u00e1zra jellemz\u0151en<strong>\u00a0kb. 215.000 Ft (brutt\u00f3)<\/strong>\u00a0k\u00f6r\u00fcli \u00f6sszeg egy egyszer\u0171bb f\u0171t\u00e9sre is alkalmas kl\u00edma k\u00e9sz\u00fcl\u00e9k.<\/p>\n<p><strong><em>b<\/em>. Kl\u00edma beszerel\u00e9s \u00e1ra kisz\u00e1ll\u00e1ssal:<\/strong> Egyedi eset minden telep\u00edt\u00e9s, de \u00e1tlagos esetben<strong>\u00a060-80.000 Ft<\/strong>\u00a0a telep\u00edt\u00e9s d\u00edja, panelh\u00e1zra \u00e9s norm\u00e1l csal\u00e1di h\u00e1zra is. A kl\u00edma beszerel\u00e9se esetenk\u00e9nt\u00a0<strong>3-5 \u00f3ra<\/strong> id\u0151tartamot ig\u00e9nyel.<\/p>\n<p><strong><em>c<\/em>. Felhaszn\u00e1lt anyag \u00e1ra:\u00a0<\/strong>Jellemz\u0151en mintegy <strong>15-30.000 Ft<\/strong>\u00a0egy\u00e9b anyag\u00e1r k\u00f6lts\u00e9ggel sz\u00e1molhatunk a cs\u00f6vez\u00e9s, konzolok \u00e9s\u00a0egy\u00e9b kieg\u00e9sz\u00edt\u0151k alkalmaz\u00e1sa miatt. \u00daj kl\u00edma rendszer szerel\u00e9s eset\u00e9n (kb. 2,5 m cs\u0151vezetek\u00e9k \u00e1r\u00e1t tartalmazza a felt\u00fcntetett \u00e1r)<\/p>\n<h2>2022 j\u00fanius\u00e1ban a v\u00e1llal\u00e1si hat\u00e1rid\u0151 \u00e1ltal\u00e1ban n\u00e9h\u00e1ny nap,(h\u00e9tv\u00e9g\u00e9n is dolgozunk)<\/h2>\n<p>Kl\u00edma karbantart\u00e1st is v\u00e1llalunk. A linkre kattintva t\u00e1j\u00e9koz\u00f3dhat a kl\u00edma tiszt\u00edt\u00e1s \u00e1rakr\u00f3l.<\/p>\n<\/div>\n<\/div>\n<\/div>\n<\/div>\n<\/div>\n<\/div>\n<\/div>\n<\/div>\n<\/section>\n<p>[\/vc_column_text][\/vc_column][\/vc_row]<\/p>\n","protected":false},"excerpt":{"rendered":"<p>[vc_row css_animation=&#8221;&#8221; row_type=&#8221;row&#8221; use_row_as_full_screen_section=&#8221;no&#8221; type=&#8221;full_width&#8221; angled_section=&#8221;no&#8221; text_align=&#8221;left&#8221; background_image_as_pattern=&#8221;without_pattern&#8221; css=&#8221;.vc_custom_1655558006675{background-color: #f4f4f4 !important;}&#8221; z_index=&#8221;&#8221;][vc_column][vc_column_text] KEZD\u0150LAP\u00a0 \/\u00a0SZOLG\u00c1LTAT\u00c1SAINK [\/vc_column_text][\/vc_column][\/vc_row][vc_row css_animation=&#8221;&#8221; row_type=&#8221;row&#8221; use_row_as_full_screen_section=&#8221;no&#8221; type=&#8221;full_width&#8221; angled_section=&#8221;no&#8221; text_align=&#8221;left&#8221; background_image_as_pattern=&#8221;without_pattern&#8221; css=&#8221;.vc_custom_1655558006675{background-color: #f4f4f4 !important;}&#8221; z_index=&#8221;&#8221;][vc_column][vc_column_text] A telep\u00edtett kl\u00edm\u00e1k 80%-a n\u00e9h\u00e1ny al\u00e1bbi szempot szerint kombin\u00e1lhat\u00f3k, alkalmaz\u00e1si szok\u00e1s szerint a. Teljes\u00edtm\u00e9ny szerinti besorol\u00e1s alapj\u00e1n (3 f\u0151&#8230;<\/p>\n","protected":false},"author":1,"featured_media":0,"parent":0,"menu_order":0,"comment_status":"closed","ping_status":"closed","template":"","meta":{"footnotes":""},"class_list":["post-15349","page","type-page","status-publish","hentry"],"_links":{"self":[{"href":"https:\/\/tauriltrade.hu\/sendo\/wp-json\/wp\/v2\/pages\/15349","targetHints":{"allow":["GET"]}}],"collection":[{"href":"https:\/\/tauriltrade.hu\/sendo\/wp-json\/wp\/v2\/pages"}],"about":[{"href":"https:\/\/tauriltrade.hu\/sendo\/wp-json\/wp\/v2\/types\/page"}],"author":[{"embeddable":true,"href":"https:\/\/tauriltrade.hu\/sendo\/wp-json\/wp\/v2\/users\/1"}],"replies":[{"embeddable":true,"href":"https:\/\/tauriltrade.hu\/sendo\/wp-json\/wp\/v2\/comments?post=15349"}],"version-history":[{"count":7,"href":"https:\/\/tauriltrade.hu\/sendo\/wp-json\/wp\/v2\/pages\/15349\/revisions"}],"predecessor-version":[{"id":16690,"href":"https:\/\/tauriltrade.hu\/sendo\/wp-json\/wp\/v2\/pages\/15349\/revisions\/16690"}],"wp:attachment":[{"href":"https:\/\/tauriltrade.hu\/sendo\/wp-json\/wp\/v2\/media?parent=15349"}],"curies":[{"name":"wp","href":"https:\/\/api.w.org\/{rel}","templated":true}]}}