{"id":3,"date":"2022-06-17T08:55:58","date_gmt":"2022-06-17T08:55:58","guid":{"rendered":"https:\/\/sendo-klima.hu\/?page_id=3"},"modified":"2022-08-11T19:28:50","modified_gmt":"2022-08-11T19:28:50","slug":"adatkezelesi-tajekoztato","status":"publish","type":"page","link":"https:\/\/tauriltrade.hu\/sendo\/adatkezelesi-tajekoztato\/","title":{"rendered":"Adatkezel\u00e9si t\u00e1j\u00e9koztat\u00f3"},"content":{"rendered":"<p>[vc_row css_animation=&#8221;&#8221; row_type=&#8221;row&#8221; use_row_as_full_screen_section=&#8221;no&#8221; type=&#8221;full_width&#8221; angled_section=&#8221;no&#8221; text_align=&#8221;left&#8221; background_image_as_pattern=&#8221;without_pattern&#8221;][vc_column][vc_column_text]<\/p>\r\n<p>&nbsp;<\/p>\r\n<div id=\"content\" class=\"content-area page-wrapper\" role=\"main\">\r\n<div class=\"row row-main\">\r\n<div class=\"large-12 col\">\r\n<div class=\"col-inner\">\r\n<p>A jelen Adatv\u00e9delmi T\u00e1j\u00e9koztat\u00f3 \u00f6sszefoglalja a sendo-klima.hu adminisztr\u00e1tora \u00e1ltal folytatott adatkezel\u00e9si elveket \u00e9s annak gyakorlat\u00e1t.<br \/>A l\u00e1togat\u00f3\/felhaszn\u00e1l\u00f3 az adatok elk\u00fcld\u00e9s\u00e9vel kijelenti, hogy azok a val\u00f3s\u00e1gnak megfelelnek.<\/p>\r\n<h4>1. ADATKEZEL\u0150<\/h4>\r\n<p>Az adatok kezel\u0151je Tauril Trade Kft.<\/p>\r\n<p>Sz\u00e9khely\/post\u00e1z\u00e1si c\u00edm: 1204 Budapest, Selmec u. 2 ; ad\u00f3sz\u00e1m: 11970691-2-43<\/p>\r\n<p>El\u00e9rhet\u0151s\u00e9g: infoKUKAsendo-klima.hu<\/p>\r\n<h4>2. A KEZELT ADATOK \u00c9S \u00c9RINTETTEK K\u00d6RE<\/h4>\r\n<p>A weboldal bet\u00f6lt\u00e9se sor\u00e1n n\u00e9vtelen m\u00f3don a l\u00e1togat\u00f3 session ID-t kap, mellyel a Google Analytics a szem\u00e9lyes adatokt\u00f3l f\u00fcggetlen\u00fcl, statisztikai c\u00e9llal r\u00f6gz\u00edti a l\u00e1togat\u00e1s kezd\u0151- illetve befejez\u0151 id\u0151pontj\u00e1t, illetve a l\u00e1togatott oldalakat. Err\u0151l a gyakorlatr\u00f3l minden \u00faj l\u00e1togat\u00f3 az els\u0151 oldallet\u00f6lt\u00e9s alkalm\u00e1val t\u00e1j\u00e9koztat\u00e1sban r\u00e9szes\u00fcl. (s\u00fcti panel)<\/p>\r\n<p>A weboldalon a l\u00e1togat\u00f3 a kapcsolati form kit\u00f6lt\u00e9s\u00e9vel az oldal kezel\u0151j\u00e9hez juttat adatokat email form\u00e1j\u00e1ban, melyek harmadik f\u00e9l sz\u00e1m\u00e1ra nem ker\u00fclnek kiad\u00e1sra.<\/p>\r\n<ol>\r\n<li>n\u00e9v<\/li>\r\n<li>e-mail c\u00edm<\/li>\r\n<li>\u00fczenet<\/li>\r\n<li>telefonsz\u00e1m<\/li>\r\n<li>helysz\u00edn<\/li>\r\n<\/ol>\r\n<p>A k\u00f6vetkez\u0151 pontban meghat\u00e1rozott c\u00e9lokra\u00a0megadott adatok kezel\u00e9se a felhaszn\u00e1l\u00f3 \u00f6nk\u00e9ntes hozz\u00e1j\u00e1rul\u00e1s\u00e1val t\u00f6rt\u00e9nik.<br \/>A felhaszn\u00e1l\u00f3 \u00e1ltal megadott adatok pontatlans\u00e1g\u00e1\u00e9rt, vagy val\u00f3tlans\u00e1g\u00e1\u00e9rt az adatkezel\u0151 felel\u0151ss\u00e9get nem v\u00e1llal.<\/p>\r\n<h4>3. AZ ADATKEZEL\u00c9S C\u00c9LJA<\/h4>\r\n<p>A szem\u00e9lyes adatok kezel\u00e9s\u00e9nek c\u00e9lja<\/p>\r\n<ol>\r\n<li>a felhaszn\u00e1l\u00f3val val\u00f3 kapcsolattart\u00e1s;<\/li>\r\n<li>a felhaszn\u00e1l\u00f3 azonos\u00edt\u00e1sa, a t\u00f6bbi\u00a0felhaszn\u00e1l\u00f3t\u00f3l val\u00f3 megk\u00fcl\u00f6nb\u00f6ztet\u00e9se;<\/li>\r\n<li>felhaszn\u00e1l\u00f3i el\u00e9gedetts\u00e9g tesztel\u00e9se \u00e9s m\u00e9r\u00e9se;<\/li>\r\n<\/ol>\r\n<p>A Google Analytics \u00e1ltal haszn\u00e1lt anonim session ID-k \u00e9s cookiek (s\u00fctik) felhaszn\u00e1l\u00e1s\u00e1nak c\u00e9lja statisztikai jelleg\u0171. Az adatkezel\u0151 a megadott adatokat bizalmasan kezeli.<\/p>\r\n<h4>4. AZ ADATV\u00c9DELMI T\u00c1J\u00c9KOZTAT\u00d3 \u00c1LTAL MEGHAT\u00c1ROZOTT ADATKEZEL\u00c9SI ID\u0150TARTAM<\/h4>\r\n<p>A Google Analytics \u00e1ltal l\u00e9trehozott cookiek id\u0151tartama 30 napra sz\u00f3l, a session ID-k az oldal elhagy\u00e1sakor automatikusan t\u00f6rl\u0151dnek. A felhaszn\u00e1l\u00f3 \u00e1ltal megadott adatokat a felhaszn\u00e1l\u00f3 \u00edr\u00e1sos kezdem\u00e9nyez\u00e9s\u00e9re az adatkezel\u0151 10 munkanapon bel\u00fcl t\u00f6rli. Ezt az ig\u00e9nyt az infoKUKACsendo-klima.hu e-mail c\u00edmen, a Tauril Trade Kft. r\u00e9szere c\u00edmezve lehet bejelenteni.<\/p>\r\n<h4>5. AZ ADATFELDOLGOZ\u00d3K K\u00d6RE<\/h4>\r\n<p>A felhaszn\u00e1l\u00f3i adatokhoz csak az adatkezel\u0151 munkat\u00e1rsai f\u00e9rhetnek hozz\u00e1, harmadik f\u00e9lnek nem adhat\u00f3ak ki.\u00a0Az adatkezel\u0151 egyed\u00fcl t\u00f6rv\u00e9nyi k\u00f6teless\u00e9gb\u0151l tov\u00e1bb\u00edtja a felhaszn\u00e1l\u00f3k adatait az ig\u00e9nyl\u0151 hat\u00f3s\u00e1gnak, amennyiben hivatkozott hat\u00f3s\u00e1g a megfelel\u0151 jogalappal rendelkezik.<\/p>\r\n<h4>6. AZ ADATKEZEL\u00c9SI SZAB\u00c1LYZAT JOGALAPJA \u00c9S A FELHASZN\u00c1L\u00d3 JOGAI<\/h4>\r\n<p>Az adatkezel\u00e9s a felhaszn\u00e1l\u00f3 j\u00f3v\u00e1hagy\u00e1s\u00e1nak jogalapj\u00e1val t\u00f6rt\u00e9nik. A felhaszn\u00e1l\u00f3 az adatkezel\u0151 \u00e1ltal kezelt adatokr\u00f3l, \u00e9s annak m\u00f3dj\u00e1r\u00f3l az infoKUKACsendo-klima.hu e-mail c\u00edmen a Tauril Trade Kft k\u00e9r\u00e9s\u00e9re ezen Adatv\u00e9delmi T\u00e1j\u00e9koztat\u00f3 tartalm\u00e1n t\u00fal tov\u00e1bbi t\u00e1j\u00e9koztat\u00e1st k\u00e9rhet. A felhaszn\u00e1l\u00f3 \u00e1ltal megadott adatokat a felhaszn\u00e1l\u00f3 \u00edr\u00e1sos kezdem\u00e9nyez\u00e9s\u00e9re az adatkezel\u0151 10 munkanapon bel\u00fcl t\u00f6rli. Ezt az ig\u00e9nyt az infoKUKACsendo-klima.hu e-mail c\u00edmen lehet bejelenteni.<\/p>\r\n<h4>7. A WEBOLDALT \u00dcZEMELTET\u0150 PARTNER \u00c9S TECHNOL\u00d3GIA<\/h4>\r\n<p>A sendo-klima.hu weboldal\u00e1t a systelnet.hu \u00fczemelteti.<\/p>\r\n<p>Snetworx Bt.<br \/>Ad\u00f3sz\u00e1m: 22638232-2-17<br \/>C\u00e9gjegyz\u00e9ksz\u00e1m: 17-09-007852<\/p>\r\n<p>\u00dcgyf\u00e9lszolg\u00e1lati iroda<br \/>2091 Etyek, levendula k\u00f6z. 1.<\/p>\r\n<h4>8. JOGORVOSLATI LEHET\u0150S\u00c9G \u00c9S HAT\u00c1LYOS T\u00d6RV\u00c9NYEK<\/h4>\r\n<p>Amennyiben a felhaszn\u00e1l\u00f3 \u00fagy \u00e9rzi, hogy a sendo-klima.hu a szem\u00e9lyes adatokat nem az itt megjel\u00f6ltek szerint vagy a hat\u00e1lyos t\u00f6rv\u00e9nynek megfelel\u0151en kezeli, jogait az adatv\u00e9delmi biztosn\u00e1l vagy polg\u00e1ri b\u00edr\u00f3s\u00e1gon \u00e9rv\u00e9nyes\u00edtheti, tov\u00e1bb\u00e1 a <a href=\"https:\/\/www.naih.hu\/uegyfelszolgalat,--kapcsolat.html\" target=\"_blank\" rel=\"nofollow noopener noreferrer\">Nemzeti Adatv\u00e9delmi \u00e9s Inform\u00e1ci\u00f3szabads\u00e1g Hat\u00f3s\u00e1ghoz<\/a>\u00a0fordulhat.<\/p>\r\n<p><em>A adatv\u00e9delemmel kapcsolatos k\u00f6telezetts\u00e9gekr\u0151l az al\u00e1bbi t\u00f6rv\u00e9nyekben t\u00e1j\u00e9koz\u00f3dhat a felhaszn\u00e1l\u00f3:<\/em><br \/><em>A szem\u00e9lyes adatok v\u00e9delm\u00e9r\u0151l \u00e9s a k\u00f6z\u00e9rdek\u0171 adatok nyilv\u00e1noss\u00e1g\u00e1r\u00f3l sz\u00f3l\u00f3 1992. \u00e9vi LXIII. t\u00f6rv\u00e9ny<\/em><br \/><em>Az egy\u00e9nek v\u00e9delm\u00e9r\u0151l a szem\u00e9lyes adatok g\u00e9pi feldolgoz\u00e1sa sor\u00e1n sz\u00f3l\u00f3 1998. \u00e9vi VI. t\u00f6rv\u00e9ny<\/em><br \/><em>Az inform\u00e1ci\u00f3s \u00f6nrendelkez\u00e9si jogr\u00f3l \u00e9s az inform\u00e1ci\u00f3szabads\u00e1gr\u00f3l sz\u00f3l\u00f3 2011. \u00e9vi CXII. t\u00f6rv\u00e9ny<\/em><\/p>\r\n<\/div>\r\n<\/div>\r\n<\/div>\r\n<\/div>\r\n\r\n<p>&nbsp;<\/p>\r\n<p>[\/vc_column_text][\/vc_column][\/vc_row]<\/p>","protected":false},"excerpt":{"rendered":"<p>[vc_row css_animation=&#8221;&#8221; row_type=&#8221;row&#8221; use_row_as_full_screen_section=&#8221;no&#8221; type=&#8221;full_width&#8221; angled_section=&#8221;no&#8221; text_align=&#8221;left&#8221; background_image_as_pattern=&#8221;without_pattern&#8221;][vc_column][vc_column_text] &nbsp; A jelen Adatv\u00e9delmi T\u00e1j\u00e9koztat\u00f3 \u00f6sszefoglalja a sendo-klima.hu adminisztr\u00e1tora \u00e1ltal folytatott adatkezel\u00e9si elveket \u00e9s annak gyakorlat\u00e1t.A l\u00e1togat\u00f3\/felhaszn\u00e1l\u00f3 az adatok elk\u00fcld\u00e9s\u00e9vel kijelenti, hogy azok a val\u00f3s\u00e1gnak megfelelnek. 1. ADATKEZEL\u0150 Az adatok kezel\u0151je Tauril Trade Kft. Sz\u00e9khely\/post\u00e1z\u00e1si c\u00edm: 1204&#8230;<\/p>\n","protected":false},"author":1,"featured_media":0,"parent":0,"menu_order":0,"comment_status":"closed","ping_status":"open","template":"","meta":{"footnotes":""},"class_list":["post-3","page","type-page","status-publish","hentry"],"_links":{"self":[{"href":"https:\/\/tauriltrade.hu\/sendo\/wp-json\/wp\/v2\/pages\/3","targetHints":{"allow":["GET"]}}],"collection":[{"href":"https:\/\/tauriltrade.hu\/sendo\/wp-json\/wp\/v2\/pages"}],"about":[{"href":"https:\/\/tauriltrade.hu\/sendo\/wp-json\/wp\/v2\/types\/page"}],"author":[{"embeddable":true,"href":"https:\/\/tauriltrade.hu\/sendo\/wp-json\/wp\/v2\/users\/1"}],"replies":[{"embeddable":true,"href":"https:\/\/tauriltrade.hu\/sendo\/wp-json\/wp\/v2\/comments?post=3"}],"version-history":[{"count":2,"href":"https:\/\/tauriltrade.hu\/sendo\/wp-json\/wp\/v2\/pages\/3\/revisions"}],"predecessor-version":[{"id":16030,"href":"https:\/\/tauriltrade.hu\/sendo\/wp-json\/wp\/v2\/pages\/3\/revisions\/16030"}],"wp:attachment":[{"href":"https:\/\/tauriltrade.hu\/sendo\/wp-json\/wp\/v2\/media?parent=3"}],"curies":[{"name":"wp","href":"https:\/\/api.w.org\/{rel}","templated":true}]}}